{"id":29,"date":"2017-02-09T20:33:43","date_gmt":"2017-02-09T19:33:43","guid":{"rendered":"http:\/\/sanitechtorun.pl\/?page_id=29"},"modified":"2023-03-23T22:23:20","modified_gmt":"2023-03-23T21:23:20","slug":"o-nas","status":"publish","type":"page","link":"https:\/\/sanitechtorun.pl\/index.php\/o-nas\/","title":{"rendered":"O nas"},"content":{"rendered":"\n<p>Nasze tradycje si\u0119gaja roku 1991 kiedy postanowili\u015bmy uruchomi\u0107 produkcje ma\u0142ych oczyszczalni \u015bciek\u00f3w. Kolejne lata to intensywny rozw\u00f3j, modernizacja parku maszyn i ci\u0105g\u0142e udoskonalanie rozwiaza\u0144. <\/p>\n\n\n\n<p>Dodatkowo wprowadzili\u015bmy mo\u017cliwo\u015b\u0107 zakupu oczyszczalni i akcesori\u00f3w innych producent\u00f3w daj\u0105c naszym klient\u00f3w dost\u0119p do pe\u0142nej oferty urzadzen dost\u0119pnych na runku.<\/p>\n\n\n\n<figure class=\"wp-block-image size-large\"><img decoding=\"async\" loading=\"lazy\" width=\"1024\" height=\"576\" src=\"http:\/\/sanitechtorun.pl\/wp-content\/uploads\/2023\/03\/WP_20171002_18_52_13_Pro-1024x576.jpg\" alt=\"\" class=\"wp-image-247\" srcset=\"https:\/\/sanitechtorun.pl\/wp-content\/uploads\/2023\/03\/WP_20171002_18_52_13_Pro-1024x576.jpg 1024w, https:\/\/sanitechtorun.pl\/wp-content\/uploads\/2023\/03\/WP_20171002_18_52_13_Pro-300x169.jpg 300w, https:\/\/sanitechtorun.pl\/wp-content\/uploads\/2023\/03\/WP_20171002_18_52_13_Pro-768x432.jpg 768w, https:\/\/sanitechtorun.pl\/wp-content\/uploads\/2023\/03\/WP_20171002_18_52_13_Pro-1536x864.jpg 1536w, https:\/\/sanitechtorun.pl\/wp-content\/uploads\/2023\/03\/WP_20171002_18_52_13_Pro-2048x1152.jpg 2048w, https:\/\/sanitechtorun.pl\/wp-content\/uploads\/2023\/03\/WP_20171002_18_52_13_Pro-1920x1080.jpg 1920w, https:\/\/sanitechtorun.pl\/wp-content\/uploads\/2023\/03\/WP_20171002_18_52_13_Pro-600x338.jpg 600w\" sizes=\"(max-width: 1024px) 100vw, 1024px\" \/><\/figure>\n","protected":false},"excerpt":{"rendered":"<p>Nasze tradycje si\u0119gaja roku 1991 kiedy postanowili\u015bmy uruchomi\u0107 produkcje ma\u0142ych oczyszczalni \u015bciek\u00f3w. Kolejne lata to intensywny rozw\u00f3j, modernizacja parku maszyn i ci\u0105g\u0142e udoskonalanie rozwiaza\u0144. Dodatkowo wprowadzili\u015bmy mo\u017cliwo\u015b\u0107 zakupu oczyszczalni i akcesori\u00f3w innych producent\u00f3w daj\u0105c naszym klient\u00f3w dost\u0119p do pe\u0142nej oferty urzadzen dost\u0119pnych na runku.<\/p>\n","protected":false},"author":1,"featured_media":0,"parent":0,"menu_order":0,"comment_status":"closed","ping_status":"closed","template":"template-full-width.php","meta":[],"_links":{"self":[{"href":"https:\/\/sanitechtorun.pl\/index.php\/wp-json\/wp\/v2\/pages\/29"}],"collection":[{"href":"https:\/\/sanitechtorun.pl\/index.php\/wp-json\/wp\/v2\/pages"}],"about":[{"href":"https:\/\/sanitechtorun.pl\/index.php\/wp-json\/wp\/v2\/types\/page"}],"author":[{"embeddable":true,"href":"https:\/\/sanitechtorun.pl\/index.php\/wp-json\/wp\/v2\/users\/1"}],"replies":[{"embeddable":true,"href":"https:\/\/sanitechtorun.pl\/index.php\/wp-json\/wp\/v2\/comments?post=29"}],"version-history":[{"count":5,"href":"https:\/\/sanitechtorun.pl\/index.php\/wp-json\/wp\/v2\/pages\/29\/revisions"}],"predecessor-version":[{"id":248,"href":"https:\/\/sanitechtorun.pl\/index.php\/wp-json\/wp\/v2\/pages\/29\/revisions\/248"}],"wp:attachment":[{"href":"https:\/\/sanitechtorun.pl\/index.php\/wp-json\/wp\/v2\/media?parent=29"}],"curies":[{"name":"wp","href":"https:\/\/api.w.org\/{rel}","templated":true}]}}